1239820.
20
Calculate the greatest common factor of 80258845 and 2914.
1457
What is the highest common factor of 32563410 and 330?
330
Calculate the greatest common divisor of 16 and 1069915528.
8
What is the greatest common divisor of 35700 and 66150?
1050
Calculate the greatest common divisor of 200 and 6409850.
50
What is the highest common divisor of 75 and 31051100?
25
Calculate the greatest common factor of 121068 and 81567.
513
Calculate the greatest common factor of 7373984 and 799112.
7912
Calculate the greatest common divisor of 756 and 2651264406.
378
What is the highest common factor of 118 and 40978391?
59
What is the greatest common factor of 134491236 and 132?
132
Calculate the greatest common divisor of 86669905 and 35.
35
What is the greatest common divisor of 2415 and 15933135?
345
What is the highest common factor of 18798192 and 4896?
2448
What is the highest common divisor of 5805 and 264319065?
5805
Calculate the highest common factor of 132 and 24721536.
12
What is the greatest common divisor of 4900403 and 368?
23
Calculate the greatest common divisor of 449829575 and 325.
325
What is the greatest common factor of 576 and 30649152?
192
What is the greatest common divisor of 126800100 and 36?
36
What is the greatest common divisor of 736625 and 24000?
125
What is the highest common factor of 1630 and 111246522?
326
Calculate the greatest common factor of 5796 and 42133140.
252
Calculate the highest common factor of 91800 and 760.
40
What is the greatest common factor of 4803 and 196447503?
4803
Calculate the highest common divisor of 26361 and 2624889.
303
Calculate the highest common factor of 90818 and 11989972.
998
Calculate the highest common factor of 21696 and 375273.
339
What is the greatest common divisor of 281690 and 25840?
170
Calculate the greatest common factor of 423729572 and 47584.
5948
What is the highest common divisor of 1944 and 7416117?
243
Calculate the highest common factor of 154704 and 47088.
48
What is the greatest common divisor of 4416 and 2843214?
138
What is the greatest common divisor of 266385873 and 78?
39
Calculate the highest common divisor of 156 and 67357329.
39
Calculate the highest common factor of 5440 and 257720.
680
What is the highest common divisor of 66709153 and 1407?
469
What is the greatest common divisor of 81 and 391970097?
81
What is the greatest common factor of 4022039 and 2233?
203
Calculate the greatest common factor of 77911853 and 2115.
47
Calculate the highest common factor of 79970 and 101530.
110
Calculate the highest common divisor of 34 and 154947367.
17
Calculate the greatest common divisor of 221303654 and 9867.
3289
Calculate the greatest common divisor of 234 and 35043.
3
Calculate the highest common factor of 54422096 and 1537.
1537
What is the highest common divisor of 72795126 and 121368?
2334
Calculate the greatest common factor of 100720 and 903360.
80
What is the greatest common factor of 1719873 and 544?
17
Calculate the highest common divisor of 19605 and 46255.
5
Calculate the highest common factor of 4878 and 24957474.
1626
Calculate the highest common factor of 38348 and 16.
4
What is the highest common factor of 741177450 and 10385?
10385
What is the greatest common factor of 505798208 and 47?
47
What is the highest common divisor of 736 and 8855?
23
What is the highest common divisor of 5049 and 52373838?
561
What is the highest common factor of 29 and 314725603?
29
What is the greatest common divisor of 2257 and 857962438?
2257
What is the highest common divisor of 152003094 and 286578?
10614
What is the highest common divisor of 294393 and 6897?
363
What is the greatest common divisor of 577736 and 425592?
2056
Calculate the greatest common divisor of 69336510 and 1026.
114
Calculate the highest common divisor of 72924 and 493164.
1236
What is the highest common factor of 16232286 and 32886?
1218
Calculate the highest common factor of 26838 and 83808684.
1278
What is the greatest common divisor of 1503 and 897795?
9
Calculate the highest common divisor of 28 and 303530521.
7
What is the highest common divisor of 34759325 and 1525?
1525
Calculate the highest common divisor of 7989 and 178048180.
2663
Calculate the highest common factor of 246 and 62737626.
246
Calculate the greatest common factor of 1631232 and 39825.
1593
What is the highest common divisor of 677538 and 151821?
27
What is the highest common divisor of 8004035 and 9215?
95
What is the greatest common factor of 6118 and 343798?
14
What is the greatest common factor of 1314 and 8238342?
438
Calculate the greatest common divisor of 864 and 29119284.
108
What is the greatest common factor of 20075 and 179726?
73
Calculate the greatest common divisor of 154603 and 824681.
79
Calculate the highest common divisor of 132 and 78666852.
132
What is the highest common divisor of 10733052 and 1700952?
2244
Calculate the greatest common factor of 666923 and 38755.
337
What is the greatest common divisor of 47 and 5178769307?
47
What is the greatest common factor of 408647295 and 42?
21
Calculate the greatest common divisor of 1017856 and 133196.
1988
What is the highest common factor of 1617 and 2408736?
33
Calculate the highest common divisor of 245 and 76128500.
35
Calculate the highest common divisor of 23816533 and 13.
13
Calculate the greatest common divisor of 491338 and 9118.
94
Calculate the highest common factor of 68136 and 380092.
668
Calculate the greatest common factor of 17 and 7703324903.
17
What is the highest common factor of 1294535180 and 6060?
2020
What is the greatest common divisor of 51911 and 10023929?
851
What is the highest common divisor of 71 and 150636866?
71
What is the greatest common factor of 32857 and 206074?
319
Calculate the greatest common factor of 631512 and 58632.
168
What is the highest common divisor of 4124814 and 12549?
141
Calculate the highest common divisor of 88640 and 555662.
554
Calculate the greatest common factor of 64 and 25994816.
64
What is the highest common factor of 2177 and 18308570?
2177
What is the greatest common factor of 784 and 3106544?
112
What is the highest common divisor of 918991186 and 878?
878
What is the highest common divisor of 9480 and 804520?
40
Calculate the greatest common factor of 10712 and 36593336.
104
Calculate the greatest common divisor of 12788 and 4612144.
92
What is the greatest common factor of 17298 and 58335273?
279
Calculate the greatest common divisor of 899622 and 10578.
246
Calculate the highest common factor of 44417506 and 2404.
1202
What is the highest common factor of 45138 and 4194?
6
What is the greatest common factor of 166 and 207108987?
83
What is the greatest common divisor of 188751 and 9826?
17
Calculate the greatest common divisor of 10800 and 3658224.
48
Calculate the highest common factor of 95111798 and 5432.
194
Calculate the highest common divisor of 825882 and 295.
59
What is the greatest common factor of 3380 and 1897792?
52
Calculate the greatest common divisor of 4562593 and 63.
7
Calculate the highest common factor of 20445 and 5455.
5
Calculate the highest common divisor of 45000 and 148725.
225
What is the greatest common divisor of 143 and 23173865?
143
Calculate the greatest common factor of 51330956 and 136.
68
Calculate the greatest common divisor of 66490 and 1121180.
610
Calculate the highest common divisor of 174880660 and 20.
20
Calculate the greatest common divisor of 77493 and 10647.
39
What is the greatest common divisor of 437 and 11092210?
23
Calculate the greatest common factor of 40 and 125552600.
40
What is the highest common divisor of 12802933 and 3692?
923
What is the highest common factor of 390 and 79283685?
195
Calculate the greatest common factor of 15534828 and 3096.
36
Calculate the highest common factor of 698005448 and 8.
8
Calculate the highest common factor of 36 and 81270639.
9
Calculate the greatest common divisor of 12978680 and 5005.
715
Calculate the greatest common factor of 121338 and 107758.
14
Calculate the greatest common factor of 18736694 and 628.
314
Calculate the highest common factor of 22248 and 220266.
54
Calculate the highest common factor of 1134620 and 1700.
20
What is the highest common factor of 7 and 2981153?
7
Wh